/9 - (-137)/9. What is the highest common factor of y and 165?
15
Let y be (-14)/4*28/(-14). Calculate the highest common factor of 28 and y.
7
Let m be -2*6/(-16)*40. Suppose r - 74 = -3*r + 2*d, 0 = -d + 3. What is the greatest common factor of m and r?
10
Suppose 3*s + r + 33 = 0, 5*r = -s + 17 - 42. Let q = s - -30. Calculate the greatest common divisor of 8 and q.
4
Suppose -8*l = -0*l - 184. What is the greatest common divisor of 115 and l?
23
Let f = -8 + 18. Let k be 66/10 + 4/f. What is the highest common divisor of 1 and k?
1
Let c = -18 + 27. Calculate the highest common divisor of c and 9.
9
Let m = -14 - -12. Let h = 6 + m. What is the greatest common factor of 16 and h?
4
Suppose -5*m = 2*x - 23, x - m = -2*x + 43. Suppose -4*j + 283 = -3*j + r, 2*r = 0. Let l be (j - 3)*6/15. Calculate the greatest common divisor of l and x.
14
Let g(j) = 6*j**2 + 4*j - 1. Let u be g(3). Calculate the greatest common divisor of 13 and u.
13
Suppose -k + 2*u + 5 = -1, 5*k + 3*u - 69 = 0. What is the highest common divisor of 12 and k?
12
Suppose 31 = 4*j - 1. Let s be -12*j/(-6)*1. Calculate the highest common factor of s and 128.
16
Let k(a) = -a**3 + 4*a**2 + a - 2. Let x = 6 + -3. Let s be k(x). Suppose 0 = -b + 5*b + 5*n - 95, 4*n = -4. What is the highest common divisor of s and b?
5
Let z be (-2)/(-2) - -32 - 2/(-2). Calculate the greatest common factor of 51 and z.
17
Let k = -231 + 656. Suppose 0*v + 5*v = k. Let n = 56 + -39. Calculate the highest common divisor of n and v.
17
Suppose -3*h + 10 = 2*h - 5*r, -5*r = -h - 2. Suppose h*s - 10 = 2*s. Let o be -2*-1*(-3)/(-3). Calculate the greatest common divisor of s and o.
2
Let o = 39 - 22. Let f(n) = -5*n**3 + n**2 + 3*n + 1. Let v be f(-3). Calculate the greatest common factor of v and o.
17
Let h(u) = 5*u**2 - 2*u - 3. Let n be h(-5). Let l(f) = 82*f**2 + 1. Let q be l(-1). Let r = n - q. What is the greatest common divisor of 7 and r?
7
Let y = 141 + -5. What is the greatest common divisor of y and 34?
34
Let g = 20 - 35. Let r be ((-10)/g)/((-2)/3). Let v be -1 + 39/(r + 4). What is the greatest common divisor of v and 48?
12
Let v = 68 + -18. Suppose 0 = -2*l + 7*l - v. Let m = l + 6. What is the highest common factor of 32 and m?
16
Suppose 0 = v - 6*v + 220. What is the greatest common divisor of 352 and v?
44
Let p(r) = -r**2 - 9*r - 5. Let c be p(-5). Suppose v - c = 13. Let y(g) = g**2 + 5*g + 1. Let h be y(-6). Calculate the greatest common divisor of v and h.
7
Suppose -n = 4*z - 60, 5*z - 75 = -6*n + n. Calculate the highest common factor of 135 and z.
15
Let r be 0/(6*1/2). Suppose 3*c - 22 = o + 8, r = o. Calculate the greatest common factor of c and 10.
10
Let o(a) = a + 11. Let t be o(-7). Let b = 7 + -5. Calculate the greatest common divisor of t and b.
2
Let d be -3 + (-1 - 2 - -13). Suppose 87 = 2*z + d. What is the greatest common divisor of z and 10?
10
Let w = 78 - -51. Let v = -91 + w. Calculate the greatest common factor of v and 95.
19
Let u be 4 + 136/4 + -5. Suppose 0 = x - 5 - 6. Calculate the highest common factor of x and u.
11
Let p be (0/2)/(9/(-3)). Suppose p*v - 78 = -3*v. Calculate the greatest common divisor of 65 and v.
13
Let t(k) = -k**3 + 6*k**2 + k. Let j be t(6). Let x be (768/112)/(2/14). Calculate the greatest common factor of x and j.
6
Suppose 23 = 3*b + 5. Let w = 10 - b. Suppose -14 = -w*m + 4*z + 26, m - 30 = -4*z. Calculate the highest common factor of 154 and m.
14
Suppose -3*z + 212 = -5*t, -2*t = t - 6. Suppose 4*l - z = -5*w, -4*l = -5*w + 3 + 63. What is the highest common factor of 56 and w?
14
Let c = 104 + -69. Let s = c + -17. Calculate the greatest common factor of 162 and s.
18
Suppose 0 = -5*x - 3*x + 720. What is the greatest common factor of 36 and x?
18
Let g be ((-78)/4)/((-17)/34). What is the greatest common divisor of 26 and g?
13
Suppose -49 = -5*v + 46. What is the highest common factor of 19 and v?
19
Let b = 13 + -8. Suppose b*o = -w + 72 + 79, -2*o = w - 61. What is the greatest common divisor of 20 and o?
10
Let u be 1*(-3 + 1)*9/(-2). Let z be (3 + -4)/(0 - -1). Let i be 1*z/(-2)*2. Calculate the highest common divisor of i and u.
1
Let t(f) = f - 8. Let y be t(9). What is the highest common divisor of y and 5?
1
Let w = -192 - -302. Suppose 2*s + 4 = 12. Suppose s*x = 8*x - 88. Calculate the highest common divisor of w and x.
22
Let i(l) = -l**3 - l**2 - l + 8. Let d be i(0). Calculate the greatest common factor of 16 and d.
8
Suppose -6 = -q + 5. What is the highest common factor of 22 and q?
11
Let z = -3 + 15. Suppose 5*m = 2*s + 11, -5*m + 3 = -5*s - 2. Suppose 2*w + s*w = 24. What is the greatest common divisor of z and w?
6
Let d = 0 - -5. Let l(f) = f + 11. Let c be l(-5). Let w be c + 0 + 0 + 4. Calculate the greatest common divisor of d and w.
5
Let o(y) = -4*y. Suppose x = -2*x - 21. Let b be o(x). Suppose 0 = -4*t, 3*a - 4 = 4*t + 8. Calculate the highest common factor of a and b.
4
Suppose t + 4*t = 0. Suppose t = -3*i + x + 9, -7 = -4*i + x + 4. Suppose 0*p = -i*p + 14. What is the greatest common factor of 1 and p?
1
Suppose 0 = -95*j + 97*j - 4. What is the greatest common factor of j and 18?
2
Suppose -5*t - 595 = -5*m, 0*m + 239 = 2*m - t. Calculate the highest common divisor of 48 and m.
24
Suppose -3*y = -0*y - 9. Suppose 0 = 4*c + 5*t + 79, 2*c + 7*t - 2*t + 37 = 0. Let x be c/1*(-7)/y. What is the greatest common divisor of 7 and x?
7
Suppose 3*t + t - 5*g = 425, 3*t = -3*g + 312. Calculate the greatest common factor of 15 and t.
15
Let i(f) = f**2 - 4*f + 6. Let o be i(4). Calculate the greatest common factor of o and 15.
3
Suppose -2*q + 27 = 7. Suppose -m = -5*r + 28, m + 15 + 3 = 3*r. Suppose -r*l = -346 - 4. Calculate the greatest common factor of q and l.
10
Let x(d) = 7*d**2 - d - 3. Let o be x(-2). Calculate the greatest common divisor of 108 and o.
27
Let j(v) = -4*v - 2. Let a be j(-3). Let c be ((-78)/(-4))/(6/56). Suppose 0 = 3*m - 148 - c. What is the highest common factor of a and m?
10
Let d be 3*(-2)/9*-3. Let r be d/(-1 + 0 - 1). Let b = r - -10. Calculate the greatest common divisor of b and 9.
9
Suppose 45 = -9*m + 10*m. Let n = 14 - -1. Calculate the highest common factor of m and n.
15
Let k(g) = 5*g - 18. Let y be k(8). Calculate the highest common factor of 154 and y.
22
Suppose -82 = -5*k - 2*o + 28, -5*o = k + 1. What is the greatest common divisor of 12 and k?
12
Let t(q) = -6*q - 2. Let f be t(-3). What is the highest common factor of 64 and f?
16
Suppose 77 = 5*w + 3*c, c = w + 2*w - 49. Calculate the greatest common factor of w and 4.
4
Let k = -9 - -72. What is the highest common divisor of 21 and k?
21
Let j(s) = -s**2 - 5*s - 2. Let p be j(-3). Suppose -13 - 27 = -p*g. What is the greatest common factor of 90 and g?
10
Suppose -z + 0*z + 17 = 5*n, 4 = 2*n - z. Suppose -4*f = -0*f - n*p - 88, -f - p + 15 = 0. What is the greatest common factor of 114 and f?
19
Let m = -88 + 153. Let u = -190 + 110. Let t be u/(-3) - 4/6. What is the highest common divisor of m and t?
13
Suppose 3*q = t - 14, -4*t + 30 = 4*q - 58. Suppose a = -a + t. Suppose -1 = -y + 9. Calculate the highest common divisor of a and y.
10
Let n(b) = 5*b + 28. Let j be n(-2). What is the highest common divisor of j and 198?
18
Let l(d) = -d**3 + 9*d**2 - d + 12. Suppose -5*k = 24 - 4, 2*v + 3*k = 6. Let q be l(v). Calculate the highest common factor of q and 9.
3
Let t be (-28 + 0)*3/6. Let n = -3 - t. What is the highest common factor of n and 110?
11
Let g = -64 - -267. What is the greatest common factor of g and 29?
29
Let f be (-134)/(-10) + (-2)/5. Let i = -36 + 2. Let m = -21 - i. What is the highest common factor of f and m?
13
Let p be (2 + 2)/(-4) + 15. What is the highest common divisor of p and 28?
14
Let c(t) = 2*t**2 - 3*t - 6. Let s be c(4). What is the greatest common divisor of s and 28?
14
Suppose -37*h - 15 = -42*h. Calculate the greatest common divisor of h and 21.
3
Let f be (-2 - -1) + (17 - -4). Let n = f + -11. Calculate the highest common divisor of 63 and n.
9
Let d = 50 - 26. Let n = -82 - -142. What is the greatest common divisor of n and d?
12
Suppose 5 = -2*l - 13. Let r(y) = -4*y - 6. Let g be r(l). What is the greatest common divisor of 10 and g?
10
Suppose x +